{"id":503,"date":"2024-10-29T12:51:58","date_gmt":"2024-10-29T11:51:58","guid":{"rendered":"https:\/\/no.seniorshop.wpbyran.dev\/?page_id=3682"},"modified":"2025-08-21T13:57:30","modified_gmt":"2025-08-21T11:57:30","slug":"om-seniorshop","status":"publish","type":"page","link":"https:\/\/seniorshop.no\/buskerud\/om-seniorshop\/","title":{"rendered":"Om SeniorShop"},"content":{"rendered":"\n<div class=\"wp-block-cover alignfull is-light has-custom-content-position is-position-bottom-left\" style=\"padding-top:var(--wp--preset--spacing--50);padding-right:0;padding-bottom:var(--wp--preset--spacing--50);padding-left:0;min-height:30vw;aspect-ratio:unset;\"><img decoding=\"async\" class=\"wp-block-cover__image-background wp-image-4361 size-full\" alt=\"\" src=\"https:\/\/seniorshop.no\/app\/uploads\/2025\/08\/seniorshop_norge.jpg\" style=\"object-position:46% 30%\" data-object-fit=\"cover\" data-object-position=\"46% 30%\"\/><span aria-hidden=\"true\" class=\"wp-block-cover__background has-background-dim-0 has-background-dim\" style=\"background-color:#91959d\"><\/span><div class=\"wp-block-cover__inner-container is-layout-flow wp-container-core-cover-is-layout-58c4def5 wp-block-cover-is-layout-flow\">\n<div class=\"wp-block-group has-primary-background-color has-background has-global-padding is-layout-constrained wp-container-core-group-is-layout-40d00946 wp-block-group-is-layout-constrained\" style=\"padding-top:1.5vw;padding-right:3vw;padding-bottom:1.5vw;padding-left:3vw\"><h1 class=\"has-link-color wp-elements-88f0857fdc8bad98dfdc5c16977574b2 wp-block-post-title has-text-color has-white-color\">Om SeniorShop<\/h1>\n\n\n<p class=\"has-white-color has-text-color has-link-color has-large-font-size wp-elements-f4bc7a5bf19ba3519b6158ee0605d460\">Norges SeniorShop er en norsk franchisebedrift<\/p>\n<\/div>\n<\/div><\/div>\n\n\n\n<div class=\"wp-block-group alignfull has-global-padding is-layout-constrained wp-block-group-is-layout-constrained\">\n<h2 class=\"wp-block-heading\">Forretningsideen er &laquo;Butikken som kommer til kunden&raquo;.<\/h2>\n\n\n\n<p>Vi selger kl\u00e6r til seniorer ved \u00e5 bes\u00f8ke ulike typer sykehjem, m\u00f8teplasser og alle former for boligl\u00f8sninger for eldre. N\u00e5r vi ankommer, ruller vi inn en komplett butikk med over 1 500 plagg for direkte salg.&nbsp;<\/p>\n\n\n\n<p>Virksomheten ble startet i Sverige 1996 med en testdrift i Helsingborg, og \u00e5ret etter ble de f\u00f8rste 10 franchisetakerne rekruttert.<\/p>\n\n\n\n<p>I dag har vi rundt 30 franchisetakere og er fullt ut dekkende i Sverige, Norge og Finland. Vi fortsetter ekspansjonen til resten av Europa.<\/p>\n\n\n\n<p>Den utlandske virksomheten drives gjennom samarbeidsavtaler med masterfranchisetakere.&nbsp;<\/p>\n\n\n\n<p>V\u00e5r sterke vekst viser at det er mange som \u00f8nsker \u00e5 handle kl\u00e6r p\u00e5 en enkel og komfortabel m\u00e5te.<\/p>\n<\/div>\n\n\n\n<div class=\"wp-block-group alignfull has-global-padding is-layout-constrained wp-block-group-is-layout-constrained\">\n<div class=\"wp-block-media-text has-media-on-the-right is-stacked-on-mobile is-vertically-aligned-top is-image-fill-element is-style-soft-corner\" style=\"padding-top:0;padding-bottom:0;grid-template-columns:auto 33%\"><div class=\"wp-block-media-text__content\">\n<h2 class=\"wp-block-heading\">Butikken som kommer til kunden<\/h2>\n\n\n\n<p>SeniorShop er den unike butikken som kommer til kunden. I v\u00e5re varebiler har vi en komplett butikk med over 1 500 plagg for direkte salg. I Norge bes\u00f8ker vi n\u00e6rmere 1 000 forskjellige sykehjem og alle typer eldreboliger.&nbsp;<\/p>\n<\/div><figure class=\"wp-block-media-text__media\"><img decoding=\"async\" src=\"https:\/\/seniorshop.no\/app\/uploads\/2025\/02\/bilen_1_no-1024x576.jpg\" alt=\"\" class=\"wp-image-4062 size-full\" style=\"object-position:50% 50%\"\/><\/figure><\/div>\n<\/div>\n\n\n\n<div class=\"wp-block-group alignfull has-global-padding is-layout-constrained wp-block-group-is-layout-constrained\">\n<div class=\"wp-block-media-text is-stacked-on-mobile is-vertically-aligned-top is-image-fill-element is-style-soft-corner\" style=\"padding-top:0;padding-bottom:0;grid-template-columns:33% auto\"><figure class=\"wp-block-media-text__media\"><img decoding=\"async\" src=\"https:\/\/seniorshop.no\/app\/uploads\/2024\/10\/bilen_open_2-1024x819.jpg\" alt=\"\" class=\"wp-image-3671 size-full\" style=\"object-position:50% 50%\"\/><\/figure><div class=\"wp-block-media-text__content\">\n<h2 class=\"wp-block-heading\">En rullende kvalitetsbutikk<\/h2>\n\n\n\n<p>SeniorShop er butikken p\u00e5 hjul. Likevel er v\u00e5rt sortiment nesten komplett og n\u00f8ye utvalgt med tanke p\u00e5 mote, kombinasjonsmuligheter, kvalitet og modeller, samt at kl\u00e6ne er designet for passe de eldre, med fokus p\u00e5 god passform.&nbsp;<\/p>\n\n\n\n<p>For damene tilbyr vi kjoler og to-delte sett, skj\u00f8rt og bukser, bluser og topper, flere varianter av strikket, et lite utvalg av ytterplagg, samt str\u00f8mper og undert\u00f8y.&nbsp;<\/p>\n\n\n\n<p>For damene har vi st\u00f8rrelser fra 36-52, samt C- og D &#8211; st\u00f8rrelser for b\u00e5de damer og herrer.<\/p>\n<\/div><\/div>\n<\/div>\n\n\n\n<div class=\"wp-block-group alignfull has-global-padding is-layout-constrained wp-block-group-is-layout-constrained\">\n<div class=\"wp-block-media-text has-media-on-the-right is-stacked-on-mobile is-vertically-aligned-top is-image-fill-element is-style-soft-corner\" style=\"padding-top:0;padding-bottom:0;grid-template-columns:auto 33%\"><div class=\"wp-block-media-text__content\">\n<h2 class=\"wp-block-heading\">De beste leverand\u00f8rene<\/h2>\n\n\n\n<p>SeniorShop har et unikt sortiment, som kjennetegnes ved at det er lettstelte kl\u00e6r med god passform, samtidig som de haret klassisk, moderne snitt.<\/p>\n\n\n\n<p>Vi gj\u00f8r v\u00e5re innkj\u00f8p hos kjente svenske, danske og tyske leverand\u00f8rer, som vi vet kan oppfylle v\u00e5re krav.&nbsp;<\/p>\n<\/div><figure class=\"wp-block-media-text__media\"><img decoding=\"async\" src=\"https:\/\/seniorshop.no\/app\/uploads\/2024\/08\/IMG_3191.jpg\" alt=\"\" class=\"wp-image-1325 size-full\" style=\"object-position:48% 14%\"\/><\/figure><\/div>\n<\/div>\n\n\n\n<div class=\"wp-block-group alignfull has-light-background-color has-background has-global-padding is-layout-constrained wp-block-group-is-layout-constrained\">\n<h2 class=\"wp-block-heading has-text-align-center\">Ring, s\u00e5 kommer vi<\/h2>\n\n\n\n<p>Ring for \u00e5 bestille et bes\u00f8k fra en av v\u00e5re selgere, men v\u00e6r tidlig ute, da det er stor sannsynlighet for at vi kan v\u00e6re fullbooket. Finn ditt n\u00e6rmeste distrikt og ta kontakt med ansvarlig selger.<\/p>\n\n\n\n<div class=\"dropdown-wrapper\">\n    <div class=\"dropdown\">\n    <button class=\"btn district-btn btn-secondary dropdown-toggle\" type=\"button\" data-bs-toggle=\"dropdown\" aria-expanded=\"false\">\n        Velg distrikt        <\/button>\n        <div class=\"dropdown-menu\" aria-labelledby=\"dropdownMenuButton\">\n                    <\/div>\n    <\/div>\n<\/div>\n<\/div>\n\n\n\n<p><\/p>\n","protected":false},"excerpt":{"rendered":"<p>Forretningsideen er &laquo;Butikken som kommer til kunden&raquo;. Vi selger kl\u00e6r til seniorer ved \u00e5 bes\u00f8ke ulike typer sykehjem, m\u00f8teplasser og alle former for boligl\u00f8sninger for eldre. N\u00e5r vi ankommer, ruller vi inn en komplett butikk med over 1 500 plagg for direkte salg.&nbsp; Virksomheten ble startet i Sverige 1996 med en testdrift i Helsingborg, og [&hellip;]<\/p>\n","protected":false},"author":1,"featured_media":728,"parent":0,"menu_order":0,"comment_status":"closed","ping_status":"closed","template":"","meta":{"_acf_changed":false,"footnotes":""},"class_list":["post-503","page","type-page","status-publish","has-post-thumbnail","hentry"],"acf":[],"_links":{"self":[{"href":"https:\/\/seniorshop.no\/buskerud\/wp-json\/wp\/v2\/pages\/503","targetHints":{"allow":["GET"]}}],"collection":[{"href":"https:\/\/seniorshop.no\/buskerud\/wp-json\/wp\/v2\/pages"}],"about":[{"href":"https:\/\/seniorshop.no\/buskerud\/wp-json\/wp\/v2\/types\/page"}],"author":[{"embeddable":true,"href":"https:\/\/seniorshop.no\/buskerud\/wp-json\/wp\/v2\/users\/1"}],"replies":[{"embeddable":true,"href":"https:\/\/seniorshop.no\/buskerud\/wp-json\/wp\/v2\/comments?post=503"}],"version-history":[{"count":1,"href":"https:\/\/seniorshop.no\/buskerud\/wp-json\/wp\/v2\/pages\/503\/revisions"}],"predecessor-version":[{"id":506,"href":"https:\/\/seniorshop.no\/buskerud\/wp-json\/wp\/v2\/pages\/503\/revisions\/506"}],"wp:featuredmedia":[{"embeddable":true,"href":"https:\/\/seniorshop.no\/buskerud\/wp-json\/wp\/v2\/media\/728"}],"wp:attachment":[{"href":"https:\/\/seniorshop.no\/buskerud\/wp-json\/wp\/v2\/media?parent=503"}],"curies":[{"name":"wp","href":"https:\/\/api.w.org\/{rel}","templated":true}]}}