{"id":360,"date":"2024-05-29T13:51:56","date_gmt":"2024-05-29T11:51:56","guid":{"rendered":"https:\/\/no.seniorshop.wpbyran.dev\/?page_id=247"},"modified":"2024-12-05T17:40:22","modified_gmt":"2024-12-05T16:40:22","slug":"personvernerklaering","status":"publish","type":"page","link":"https:\/\/seniorshop.no\/vestfold-telemark\/personvernerklaering\/","title":{"rendered":"Personvernerkl\u00e6ring"},"content":{"rendered":"\n<h2 class=\"wp-block-heading\">Hvem er vi\u00a0<\/h2>\n\n\n\n<p>V\u00e5r nettsideadresse er:\u00a0 https:\/\/seniorshop.no<\/p>\n\n\n\n<h2 class=\"wp-block-heading\">Cookie-filer<\/h2>\n\n\n\n<p>Hvis du bes\u00f8ker v\u00e5r inloggingsside, vil vi sette en midlertidig informasjonskapsel for \u00e5 sjekke om nettleseren din aksepterer slike kapsler. Denne informasjonskapselen inneholder ingen personopplysninger og slettes n\u00e5r du lukker nettleseren din.<\/p>\n\n\n\n<p>N\u00e5r du logger inn, vil vi opprette flere informasjonskapsler for \u00e5 lagre informasjon om inloggingen din og valgene du har gjort for skjermoppsett. Informasjonskapsler for innlogging varer i to dager, mens de som gjelder skermoppsett, vaerer i ett \u00e5r. Hvis du velger &laquo;Husk meg,&raquo; vil informasjonskapslene v\u00e6re aktiv i to uker. Hvis du logger ut fra kontoen din, blir informasjonkapslende for innlogging slettet.<\/p>\n\n\n\n<h2 class=\"wp-block-heading\">Innebygd innhold fra andre nettsteder<\/h2>\n\n\n\n<p>Artikler p\u00e5 denne nettsiden kan inneholde innebygd innhold (som for eksempel videor, bilder eller artikler). Innebygd innhold fra andre nettsteder oppf\u00f8rer seg p\u00e5 samme m\u00e5te som du bes\u00f8ker den andre nettsiden direkte.<\/p>\n\n\n\n<p>Disse nettsidene kan samle inn informasjon om deg, bruke informasjonskaplser, integrere ytterligere tredjepartssporing og overv\u00e5ke din interaksjon med det innbygde innholdet. Dette inkluderer \u00e5 spore hvordan du ineragerer med innholdet hvis du har en konto og er logget inn p\u00e5 den aktuelle nettsiden.<\/p>\n\n\n\n<h2 class=\"wp-block-heading\">Hvem vi deler datene dine med<\/h2>\n\n\n\n<p>Hvis du ber om \u00e5 tilbakestille passorder, vil IP-dressen din bli inkludert i e-posten for tilbakestilling.<\/p>\n\n\n\n<h2 class=\"wp-block-heading\">Hvor lenge vi oppbevarer dine opplysninger<\/h2>\n\n\n\n<p>For brukere som registerer seg p\u00e5 nettstedet v\u00e5rt (hvis dette tilbys), lagrer vi ogs\u00e5 personopplysningene de oppgir i brukerprofilen sin. Alle brukere kan n\u00e5r som helst se, redigere eller slette sine egne personopplysninger, bortsett fra brukernavnet som ikke kan endres. Nettstedets administratorer kan ogs\u00e5 se og redigere denne informasjonen.\u00a0<\/p>\n\n\n\n<h2 class=\"wp-block-heading\">Hvilke rettigheter du har over dine data<\/h2>\n\n\n\n<p>Hvis du har en konto eller har skrevet kommentarer p\u00e5 ette nettstedet, kan du be om en eksportfil med de personopplysningene vi har lagret om deg, inkludert all informasjon du har gitt oss. Du kan ogs\u00e5 be om at vi sletter alle personopplysninger vi har om deg. Dette inkluderer ikke data som vi er p\u00e5lagt \u00e5 beholde av administrative, juridiske eller sikkerhetsmessige \u00e5rsaker.\u00a0<\/p>\n\n\n\n<div style=\"height:100px\" aria-hidden=\"true\" class=\"wp-block-spacer\"><\/div>\n","protected":false},"excerpt":{"rendered":"<p>Hvem er vi\u00a0 V\u00e5r nettsideadresse er:\u00a0 https:\/\/seniorshop.no Cookie-filer Hvis du bes\u00f8ker v\u00e5r inloggingsside, vil vi sette en midlertidig informasjonskapsel for \u00e5 sjekke om nettleseren din aksepterer slike kapsler. Denne informasjonskapselen inneholder ingen personopplysninger og slettes n\u00e5r du lukker nettleseren din. N\u00e5r du logger inn, vil vi opprette flere informasjonskapsler for \u00e5 lagre informasjon om inloggingen [&hellip;]<\/p>\n","protected":false},"author":1,"featured_media":0,"parent":0,"menu_order":0,"comment_status":"closed","ping_status":"closed","template":"wp-custom-template-sida-med-sidtitel","meta":{"_acf_changed":false,"footnotes":""},"class_list":["post-360","page","type-page","status-publish","hentry"],"acf":[],"_links":{"self":[{"href":"https:\/\/seniorshop.no\/vestfold-telemark\/wp-json\/wp\/v2\/pages\/360","targetHints":{"allow":["GET"]}}],"collection":[{"href":"https:\/\/seniorshop.no\/vestfold-telemark\/wp-json\/wp\/v2\/pages"}],"about":[{"href":"https:\/\/seniorshop.no\/vestfold-telemark\/wp-json\/wp\/v2\/types\/page"}],"author":[{"embeddable":true,"href":"https:\/\/seniorshop.no\/vestfold-telemark\/wp-json\/wp\/v2\/users\/1"}],"replies":[{"embeddable":true,"href":"https:\/\/seniorshop.no\/vestfold-telemark\/wp-json\/wp\/v2\/comments?post=360"}],"version-history":[{"count":1,"href":"https:\/\/seniorshop.no\/vestfold-telemark\/wp-json\/wp\/v2\/pages\/360\/revisions"}],"predecessor-version":[{"id":362,"href":"https:\/\/seniorshop.no\/vestfold-telemark\/wp-json\/wp\/v2\/pages\/360\/revisions\/362"}],"wp:attachment":[{"href":"https:\/\/seniorshop.no\/vestfold-telemark\/wp-json\/wp\/v2\/media?parent=360"}],"curies":[{"name":"wp","href":"https:\/\/api.w.org\/{rel}","templated":true}]}}